+ 29*h**2 - 145*h - 310. Give x(9).
5
Let z(b) = -b**2 + 256*b + 4415. Give z(-16).
63
Let s(b) = -b + 67. Determine s(6).
61
Let v(q) = -6*q**2 + 182*q + 124. Determine v(31).
0
Let c(s) = 68*s - 199. Calculate c(8).
345
Let w(c) = -c**2 + 18*c + 227. Give w(-13).
-176
Let g(j) = -j**2 - 12*j + 154. Determine g(-25).
-171
Let f(t) = -t**2 - 40*t - 289. What is f(-36)?
-145
Let j(y) = y**3 - 19*y**2 + 34*y - 11. Give j(17).
-11
Let b(j) = -9*j - 195. What is b(-6)?
-141
Let y(l) = -225*l - 2031. Give y(-9).
-6
Let l(f) = 28*f + 21. What is l(-9)?
-231
Let q(c) = 2*c**2 - 71*c + 140. Give q(28).
-280
Let m(j) = 2*j**2 - 72*j + 835. Calculate m(15).
205
Let q(i) = i**3 - 21*i**2 + 42*i - 2. Determine q(2).
6
Let x(n) = n**2 + 39*n + 281. Calculate x(-30).
11
Let v(l) = 60*l + 147. Give v(-2).
27
Let a(r) = -r**3 + 11*r**2 + 104*r + 35. Determine a(18).
-361
Let w(t) = 4*t**2 - 25*t - 20. Determine w(4).
-56
Let g(i) = 704*i - 78149. Give g(111).
-5
Let h(y) = -472*y + 369. What is h(1)?
-103
Let r(m) = 29*m - 3308. Calculate r(102).
-350
Let a(g) = -2*g**2 + 30*g - 106. Give a(6).
2
Let w(a) = 3*a + 133. Give w(-24).
61
Let j(v) = 2*v**3 + 3*v**2 + 4*v - 3. What is j(1)?
6
Let m(f) = -f**2 - 29*f + 3. Calculate m(7).
-249
Let t(s) = 1843*s + 20274. What is t(-11)?
1
Let x(o) = -36966*o + 258761. Give x(7).
-1
Let p(w) = -3*w**2 + 109*w - 148. What is p(35)?
-8
Let c(g) = -g**3 - 5*g**2 + 32*g + 8. What is c(-8)?
-56
Let b(f) = -31*f + 773. Give b(26).
-33
Let m(f) = f**3 - 67*f**2 - 128*f - 680. What is m(69)?
10
Let l(r) = 9*r**2 - 16*r - 124. Calculate l(-5).
181
Let d(j) = -92*j + 49. Calculate d(1).
-43
Let a(d) = 58*d - 1052. What is a(35)?
978
Let g(j) = -4*j**2 - 156*j + 178. Give g(-40).
18
Let u(r) = r**3 - 41*r**2 - 90*r - 44. What is u(43)?
-216
Let u(h) = 7*h**3 - 68*h**2 - 9*h - 1. What is u(10)?
109
Let k(w) = 5*w**2 - 7*w - 127. Calculate k(-7).
167
Let r(f) = -f**3 - 17*f**2 - 43*f + 44. What is r(-4)?
8
Let k(c) = 30*c - 99. What is k(8)?
141
Let w(d) = -d**3 - 2*d**2 + 11*d + 33. Determine w(7).
-331
Let i(d) = -2*d**3 - 89*d**2 + 136*d - 86. Calculate i(-46).
6
Let w(n) = n**2 + 18*n + 21. Determine w(-15).
-24
Let p(y) = 901*y - 7234. What is p(8)?
-26
Let n(i) = -i**3 - 13*i**2 + 50*i - 30. Calculate n(-18).
690
Let x(g) = 8*g + 9. Determine x(-20).
-151
Let d(m) = -24361*m + 316699. Determine d(13).
6
Let g(n) = -2*n**3 - 181*n**2 - 532*n + 2. What is g(-3)?
23
Let r(m) = -3*m**3 - 271*m**2 - 89*m + 112. Determine r(-90).
22
Let q(u) = -11*u**2 + 892*u - 75. Determine q(81).
6
Let a(s) = -7*s**2 + 156*s + 96. Calculate a(23).
-19
Let n(u) = -u**3 - 7*u**2 - 21*u - 251. Determine n(-8).
-19
Let b(o) = 20*o**2 - 48*o + 1. Calculate b(2).
-15
Let d(c) = c**3 + 6*c**2 + 3*c - 34. What is d(2)?
4
Let a(p) = -2*p - 53. Determine a(9).
-71
Let k(s) = -2*s**2 + 124*s + 1436. Determine k(-10).
-4
Let a(r) = 2*r**2 + 95*r - 178. Give a(-50).
72
Let p(k) = k**2 + 37*k + 143. What is p(-4)?
11
Let m(j) = 122*j - 2095. Give m(17).
-21
Let v(d) = d**3 - 13*d**2 + 39*d - 23. Give v(7).
-44
Let t(r) = -2*r**2 - 48*r + 367. What is t(-31)?
-67
Let a(f) = 3*f**3 + 36*f**2 - 96*f - 3. Determine a(3).
114
Let g(x) = x**2 + 4*x - 43. What is g(6)?
17
Let w(s) = -13*s**3 + 5*s**2 + 7*s + 1. Determine w(-2).
111
Let b(l) = -8*l**3 - 8*l**2 - 9*l - 2. Determine b(-1).
7
Let g(b) = -354*b - 1241. Determine g(-4).
175
Let a(j) = -84*j - 1550. Determine a(-17).
-122
Let h(r) = 2*r**3 + 28*r**2 + 459*r + 6428. What is h(-14)?
2
Let o(l) = -2*l**3 - l**2 + l + 136. Give o(4).
-4
Let q(y) = y**2 + 105*y - 245. Give q(-107).
-31
Let v(t) = -91*t + 770. Determine v(8).
42
Let x(y) = -357*y - 8933. Determine x(-25).
-8
Let n(a) = -55*a**3 - a**2 - 9*a + 10. Determine n(1).
-55
Let l(p) = 3*p**3 - 59*p**2 + 21*p - 820. Determine l(20).
0
Let d(z) = 2*z**2 + 23*z - 151. Give d(-19).
134
Let y(p) = 195*p + 11. Calculate y(1).
206
Let i(z) = -8*z**3 + 615*z**2 + 77*z + 14. Give i(77).
14
Let f(s) = -5525*s - 33149. What is f(-6)?
1
Let p(q) = -q**3 + 19*q**2 + 211*q + 144. Determine p(27).
9
Let r(z) = -14*z + 169. Calculate r(11).
15
Let m(l) = 36*l**3 - 2*l**2 + l - 5. Give m(2).
277
Let m(c) = -8*c**2 - 23*c + 322. Determine m(5).
7
Let y(u) = 393*u - 34211. Determine y(87).
-20
Let w(o) = -o**3 + 13*o**2 - 20*o - 25. Give w(12).
-121
Let i(n) = 2*n**3 + 14*n**2 - 15*n + 22. Give i(-9).
-167
Let t(p) = -5*p**3 - 41*p**2 + 409*p + 36. Determine t(-14).
-6
Let c(w) = 27*w - 209. Determine c(9).
34
Let j(w) = 257*w + 199. Give j(-3).
-572
Let u(z) = z**3 + 4*z**2 - 527*z - 34. Determine u(-25).
16
Let u(f) = f**2 - 4*f - 62. Give u(8).
-30
Let y(b) = 3*b**3 + 17*b + 53. Calculate y(0).
53
Let y(f) = 6*f**3 + 5*f**2 - 11*f + 10. Determine y(4).
430
Let o(a) = -11*a + 596. Give o(39).
167
Let k(f) = 2*f**2 + 62*f + 583. What is k(-14)?
107
Let c(m) = 6866*m + 6855. Calculate c(-1).
-11
Let f(t) = -7*t**2 - 505*t - 74. Determine f(-72).
-2
Let k(b) = -2*b**2 - 49*b + 544. Determine k(9).
-59
Let l(d) = -239*d + 6002. Calculate l(25).
27
Let x(a) = -a**3 + 6*a**2 + 138*a - 67. Calculate x(15).
-22
Let w(k) = -24*k**3 - 177*k**2 - 5*k + 6. Determine w(-7).
-400
Let q(k) = k**3 - 22*k**2 - 289*k + 6508. Determine q(21).
-2
Let h(l) = -l**3 - 86*l**2 + 148*l + 5315. Give h(-87).
8
Let z(q) = -53*q - 759. What is z(-18)?
195
Let c(o) = -o**2 - 19*o - 62. Calculate c(-4).
-2
Let v(k) = -204*k**2 - 814*k - 5. Determine v(-4).
-13
Let l(i) = -75*i + 498. Give l(7).
-27
Let t(u) = 2*u**3 + 58*u**2 - 6*u - 226. What is t(-29)?
-52
Let q(m) = -67*m + 365. Calculate q(22).
-1109
Let c(i) = -15*i - 71. Give c(-11).
94
Let b(k) = 159*k + 5245. Give b(-33).
-2
Let k(o) = 2*o**3 + 22*o**2 - 21*o + 10. Calculate k(-12).
-26
Let j(i) = -4*i**3 + 31*i**2 - 33*i + 91. Calculate j(7).
7
Let s(o) = o**3 - 50*o**2 - 2853*o + 108. Give s(-34).
6
Let l(x) = -5*x**2 + 2*x + 5. Calculate l(0).
5
Let b(a) = -a**2 - 17*a + 616. Calculate b(-31).
182
Let h(n) = 5*n**3 + 79*n**2 - 2*n + 94. What is h(-16)?
-130
Let d(l) = -l**2 - 261*l - 5046. Give d(-21).
-6
Let m(i) = i**3 + 48*i**2 - 24*i + 1270. Calculate m(-49).
45
Let j(o) = -15*o + 303. Give j(20).
3
Let u(i) = -i**3 - 6*i**2 - 47*i - 428. Determine u(-8).
76
Let l(g) = -430*g - 4723. What is l(-11)?
7
Let i(v) = v**2 - 51*v - 986. Give i(-15).
4
Let k(n) = -n**3 - 2*n**2 + 46*n + 130. What is k(-6)?
-2
Let l(s) = 39*s**3 + 7*s**2 + s - 8. Determine l(1).
39
Let h(d) = d**2 - 51*d + 653. Determine h(22).
15
Let g(s) = -168*s - 17985. Give g(-107).
-9
Let s(g) = -12*g**2 - 3*g - 10. What is s(-3)?
-109
Let u(l) = -7*l**3 + 154*l**2 + 2*l + 14. Give u(22).
58
Let a(h) = -h**2 + 8*h + 135. Calculate a(-8).
7
Let k(x) = 2*x**3 + 37*x**2 + 20*x + 35. What is k(-18)?
-1
Let i(w) = 65*w**2 + 6*w + 1. Give i(-1).
60
Let s(f) = -146*f + 642. Determine s(4).
58
Let l(q) = 2*q - 96. Determine l(-21).
-138
Let m(r) = -r**3 + 11*r**2 + 8*r - 71. Calculate m(11).
17
Let c(f) = -259*f**2 + 18*f - 15. Determine c(1).
-256
Let u(m) = -m**3 - 57*m**2 + m + 22. Determine u(-57).
-35
Let k(s) = s**2 + 65*s + 1122. Determine k(-46).
248
Let h(d) = -18*d - 766. What is h(-53)?
188
Let k(g) = 10*g**3 + 23*g**2 + 21*g - 2. What is k(-1)?
-10
Let s(z) = z**2 + 164*z - 1194. Determine s(7).
3
Let s(f) = 184*f + 15. Determine s(-2).
-353
Let m(i) = -385*i - 1555. Determine m(-4).
-15
Let o(u) = -2*u**3 + 17*u**2 - 39*u + 63. Give o(6).
9
Let m(u) = 2*u**3 + 195*u**2 - 101*u - 299. Determine m(-98).
-5
Let x(b) = 2*b**2 - 8*b - 572. What is x(19)?
-2
Let a(o) = -2*o**2 - 46*o + 113. What is a(-25)?
13
Let b(q) = -q**3 + 5*q**2 - 9*q + 162. Give b(8).
-102
Let u(f) = 2*f**3 - 341*f**2 - 515*f - 182. Give u(172).
-10
Let b(a) = -a**3 + 29*a**2 - 55*a + 51. Determine b(27).
24
Let a(n) = 1962*n - 70639. Calculate a(36).
-7
Let u(a) = 8*a**2 + 292*a - 135. What is u(-37)?
13
Let i(f) = 2*f**3 - 196*f**2 + 4*f - 352. Determine i(98).
40
Let f(a) = -351*a - 1126. Determine f(-3).
-73
Let x(m) = 38*m**2 + 183*m - 11. Determine x(-5).
24
Let u(q) = 101*q**2 + 14141*q + 143. Determine u(-140).
3
Let f(v) = -v**3 - 505*v**2 - 1047*v - 83. Give f(-2).
-1
Let d(c) = 4*c**2 + 288*c + 1. Calculate d(-72).
1
Let z(m) = m**3 - 7*m**2 - 5*m - 67. What is z(8)?
-43
Let f(x) = 